{"id":5,"date":"2025-07-01T06:42:15","date_gmt":"2025-07-01T06:42:15","guid":{"rendered":"http:\/\/demos.artbees.net\/jupiter5\/carme\/?page_id=5"},"modified":"2026-01-05T18:48:01","modified_gmt":"2026-01-05T18:48:01","slug":"agencia-de-nanas-en-santiago","status":"publish","type":"page","link":"https:\/\/www.nanaschile.cl\/inicio\/","title":{"rendered":"Inicio"},"content":{"rendered":"[vc_row fullwidth=\u00bbtrue\u00bb][vc_column][mk_edge_slider first_el=\u00bbtrue\u00bb swiper_bg=\u00bb#712b86&#8243; order=\u00bbASC\u00bb full_height=\u00bbfalse\u00bb height=\u00bb500&#8243; animation_effect=\u00bbzoom\u00bb animation_speed=\u00bb1000&#8243; slideshow_speed=\u00bb4000&#8243; direction_nav=\u00bbnone\u00bb pagination=\u00bbnone\u00bb][\/vc_column][\/vc_row][mk_page_section sidebar=\u00bbsidebar-1&#8243;][vc_column][mk_padding_divider size=\u00bb80&#8243;][mk_fancy_title color=\u00bb#712b86&#8243; size=\u00bb42&#8243; force_font_size=\u00bbtrue\u00bb size_phone=\u00bb32&#8243; txt_transform=\u00bbuppercase\u00bb letter_spacing=\u00bb2&#8243; margin_bottom=\u00bb30&#8243; font_family=\u00bbPlayfair+Display\u00bb font_type=\u00bbgoogle\u00bb align=\u00bbcenter\u00bb animation=\u00bbright-to-left\u00bb]PORTAL DE ASESORAS CON UN SERVICIO INTEGRAL[\/mk_fancy_title][\/vc_column][vc_column width=\u00bb1\/3&#8243;][mk_font_icons icon=\u00bbmk-moon-checkbox-checked-2&#8243; color=\u00bb#712b86&#8243; size=\u00bbx-large\u00bb margin_horizental=\u00bb0&#8243; margin_vertical=\u00bb0&#8243; circle=\u00bbtrue\u00bb circle_color=\u00bb#ffffff\u00bb circle_border_width=\u00bb2&#8243; circle_border_color=\u00bb#670087&#8243; align=\u00bbcenter\u00bb link=\u00bbhttps:\/\/www.nanaschile.cl\/inicio\/nana-puertas-afuera\/\u00bb animation=\u00bbtop-to-bottom\u00bb][mk_divider style=\u00bbthin_solid\u00bb divider_width=\u00bbcustom_width\u00bb custom_width=\u00bb50&#8243; margin_top=\u00bb30&#8243; margin_bottom=\u00bb30&#8243;][vc_column_text align=\u00bbcenter\u00bb animation=\u00bbbottom-to-top\u00bb]\nPara ello, TODAS NUESTRAS NANAS HAN PASADO POR ENTREVISTA PSICOL\u00d3GICA, asegurando que cumplen con el perfil profesional requerido para trabajar en tu hogar.<br \/>\n[\/vc_column_text][mk_padding_divider size=\u00bb80&#8243;][\/vc_column][vc_column width=\u00bb1\/3&#8243;][mk_font_icons icon=\u00bbmk-moon-checkbox-checked-2&#8243; color=\u00bb#712b86&#8243; size=\u00bbx-large\u00bb margin_horizental=\u00bb0&#8243; margin_vertical=\u00bb0&#8243; circle=\u00bbtrue\u00bb circle_color=\u00bb#ffffff\u00bb circle_border_width=\u00bb2&#8243; circle_border_color=\u00bb#670087&#8243; align=\u00bbcenter\u00bb link=\u00bbhttps:\/\/www.nanaschile.cl\/inicio\/servicio\/\u00bb animation=\u00bbtop-to-bottom\u00bb][mk_divider style=\u00bbthin_solid\u00bb divider_width=\u00bbcustom_width\u00bb custom_width=\u00bb50&#8243; margin_top=\u00bb30&#8243; margin_bottom=\u00bb30&#8243;][vc_column_text align=\u00bbcenter\u00bb animation=\u00bbbottom-to-top\u00bb]\nSomos la \u00fanica agencia en Chile que ofrece nanas entrevistadas por psic\u00f3logas y verificamos antecedentes penales y laborales, garantizando seguridad y confianza para tu hogar.<br \/>\n[\/vc_column_text][mk_padding_divider size=\u00bb80&#8243;][\/vc_column][vc_column width=\u00bb1\/3&#8243;][mk_font_icons icon=\u00bbmk-moon-checkbox-checked-2&#8243; color=\u00bb#712b86&#8243; size=\u00bbx-large\u00bb margin_horizental=\u00bb0&#8243; margin_vertical=\u00bb0&#8243; circle=\u00bbtrue\u00bb circle_color=\u00bb#ffffff\u00bb circle_border_width=\u00bb2&#8243; circle_border_color=\u00bb#670087&#8243; align=\u00bbcenter\u00bb link=\u00bbhttp:\/\/www.nanaschile.cl\/inicio\/servicio\/\u00bb animation=\u00bbtop-to-bottom\u00bb][mk_divider style=\u00bbthin_solid\u00bb divider_width=\u00bbcustom_width\u00bb custom_width=\u00bb50&#8243; margin_top=\u00bb30&#8243; margin_bottom=\u00bb30&#8243;][vc_column_text align=\u00bbcenter\u00bb animation=\u00bbbottom-to-top\u00bb]\nNuestra misi\u00f3n es ofrecer soluciones r\u00e1pidas y de calidad a familias en Santiago y alrededores, especialmente a quienes necesitan trabajadoras de hogar confiables.<br \/>\n[\/vc_column_text][mk_padding_divider size=\u00bb80&#8243;][\/vc_column][\/mk_page_section][mk_page_section layout_structure=\u00bbhalf_right\u00bb bg_image=\u00bbhttps:\/\/www.nanaschile.cl\/inicio\/wp-content\/uploads\/2015\/09\/nanas-banner-14.jpg\u00bb bg_image_portrait=\u00bbhttps:\/\/www.nanaschile.cl\/inicio\/wp-content\/uploads\/2015\/09\/nanas-banner-16.jpg\u00bb bg_color=\u00bb#712b86&#8243; min_height=\u00bb80&#8243; top_shape_color=\u00bb#ffffff\u00bb bottom_shape_color=\u00bb#ffffff\u00bb][vc_column][mk_padding_divider size=\u00bb120&#8243;][mk_fancy_title color=\u00bb#878787&#8243; size=\u00bb42&#8243; font_weight=\u00bbbold\u00bb txt_transform=\u00bbuppercase\u00bb letter_spacing=\u00bb2&#8243; margin_bottom=\u00bb30&#8243; font_family=\u00bbPlayfair+Display\u00bb font_type=\u00bbgoogle\u00bb align=\u00bbcenter\u00bb]<span style=\"color: #ffffff;\">Nuestra Empresa<\/span>[\/mk_fancy_title][vc_column_text align=\u00bbcenter\u00bb css=\u00bb.vc_custom_XXXX{color: #ffffff !important;font-size:20px !important; line-height:1.6;}\u00bb]<span style=\"color: #ffffff;\">En NanasChile ayudamos a familias en Santiago a encontrar nanas y asesoras del hogar confiables. Ofrecemos contrataci\u00f3n de nanas puertas adentro y puertas afuera, nanas por d\u00edas, ni\u00f1eras y cuidadoras de adultos mayores, con todo el respaldo y seguridad.<\/span><br \/>\n<span style=\"color: #ffffff;\">Somos psic\u00f3logas con 15 a\u00f1os de experiencia en trabajo cl\u00ednico y selecci\u00f3n de personal, asesorando tanto a empresas como a particulares. Por ello, somos la agencia l\u00edder en satisfacci\u00f3n al cliente.<\/span>[\/vc_column_text][mk_button dimension=\u00bbflat\u00bb size=\u00bbmedium\u00bb url=\u00bbhttps:\/\/www.nanaschile.cl\/inicio\/nana-puertas-afuera\/\u00bb align=\u00bbcenter\u00bb margin_top=\u00bb50&#8243; margin_bottom=\u00bb0&#8243; margin_right=\u00bb0&#8243; bg_color=\u00bb#ffffff\u00bb btn_hover_bg=\u00bb#ffffff\u00bb text_color=\u00bbdark\u00bb btn_hover_txt_color=\u00bb#712b86&#8243;]QUIENES SOMOS[\/mk_button][mk_padding_divider size=\u00bb120&#8243;][\/vc_column][\/mk_page_section][vc_row fullwidth=\u00bbtrue\u00bb attached=\u00bbtrue\u00bb id=\u00bbproceso\u00bb][vc_column width=\u00bb1\/4&#8243;][mk_padding_divider size=\u00bb97&#8243;][mk_fancy_title color=\u00bb#712b86&#8243; size=\u00bb30&#8243; txt_transform=\u00bbuppercase\u00bb margin_bottom=\u00bb0&#8243; font_family=\u00bbPlayfair+Display\u00bb font_type=\u00bbgoogle\u00bb align=\u00bbcenter\u00bb animation=\u00bbfade-in\u00bb]RECLUTAMIENTO Y ENTREVISTA POR COMPETENCIAS[\/mk_fancy_title][mk_divider style=\u00bbthin_solid\u00bb divider_width=\u00bbcustom_width\u00bb custom_width=\u00bb50&#8243; margin_bottom=\u00bb10&#8243;][vc_column_text align=\u00bbcenter\u00bb]\nM\u00e1s info<br \/>\n[\/vc_column_text][mk_padding_divider size=\u00bb80&#8243;][mk_image src=\u00bbhttps:\/\/www.nanaschile.cl\/inicio\/wp-content\/uploads\/2015\/09\/ENTREVISTA -2-min.jpg\u00bb image_height=\u00bb533&#8243; align=\u00bbcenter\u00bb margin_bottom=\u00bb0&#8243; animation=\u00bbfade-in\u00bb crop=\u00bbfalse\u00bb][\/vc_column][vc_column width=\u00bb1\/4&#8243; css=\u00bb.vc_custom_1470246770663{background-color: #eadbff !important;}\u00bb][mk_image src=\u00bbhttps:\/\/www.nanaschile.cl\/inicio\/wp-content\/uploads\/2015\/09\/entrevista-min.jpg\u00bb margin_bottom=\u00bb0&#8243; animation=\u00bbfade-in\u00bb crop=\u00bbfalse\u00bb][mk_padding_divider size=\u00bb80&#8243;][mk_fancy_title color=\u00bb#712b86&#8243; size=\u00bb30&#8243; txt_transform=\u00bbuppercase\u00bb margin_bottom=\u00bb0&#8243; font_family=\u00bbPlayfair+Display\u00bb font_type=\u00bbgoogle\u00bb align=\u00bbcenter\u00bb animation=\u00bbfade-in\u00bb]Entrevista Psicol\u00f3gica[\/mk_fancy_title][mk_divider style=\u00bbthin_solid\u00bb divider_width=\u00bbcustom_width\u00bb custom_width=\u00bb50&#8243; margin_bottom=\u00bb10&#8243;][vc_column_text align=\u00bbcenter\u00bb]\nM\u00e1s info<br \/>\n[\/vc_column_text][mk_padding_divider size=\u00bb97&#8243;][\/vc_column][vc_column width=\u00bb1\/4&#8243; css=\u00bb.vc_custom_1444835753917{background-color: #ffffff !important;}\u00bb][mk_padding_divider size=\u00bb97&#8243;][mk_fancy_title color=\u00bb#712b86&#8243; size=\u00bb30&#8243; txt_transform=\u00bbuppercase\u00bb margin_bottom=\u00bb0&#8243; font_family=\u00bbPlayfair+Display\u00bb font_type=\u00bbgoogle\u00bb align=\u00bbcenter\u00bb animation=\u00bbfade-in\u00bb]Revisi\u00f3n de Documentaci\u00f3n[\/mk_fancy_title][mk_divider style=\u00bbthin_solid\u00bb divider_width=\u00bbcustom_width\u00bb custom_width=\u00bb50&#8243; margin_bottom=\u00bb10&#8243;][vc_column_text align=\u00bbcenter\u00bb]\nM\u00e1s info<br \/>\n[\/vc_column_text][mk_padding_divider size=\u00bb80&#8243;][mk_image src=\u00bbhttps:\/\/www.nanaschile.cl\/inicio\/wp-content\/uploads\/2015\/09\/papeles-min.jpg\u00bb image_height=\u00bb533&#8243; align=\u00bbcenter\u00bb margin_bottom=\u00bb0&#8243; animation=\u00bbfade-in\u00bb crop=\u00bbfalse\u00bb][\/vc_column][vc_column width=\u00bb1\/4&#8243; css=\u00bb.vc_custom_1443697502761{background-color: #fff6ed !important;}\u00bb][mk_image src=\u00bbhttps:\/\/www.nanaschile.cl\/inicio\/wp-content\/uploads\/2015\/09\/verificaci\u00f3n-min.jpg\u00bb margin_bottom=\u00bb0&#8243; animation=\u00bbfade-in\u00bb crop=\u00bbfalse\u00bb][mk_padding_divider size=\u00bb80&#8243;][mk_fancy_title color=\u00bb#712b86&#8243; size=\u00bb30&#8243; txt_transform=\u00bbuppercase\u00bb margin_bottom=\u00bb0&#8243; font_family=\u00bbPlayfair+Display\u00bb font_type=\u00bbgoogle\u00bb align=\u00bbcenter\u00bb animation=\u00bbfade-in\u00bb]Chequeo de Recomendaciones[\/mk_fancy_title][mk_divider style=\u00bbthin_solid\u00bb divider_width=\u00bbcustom_width\u00bb custom_width=\u00bb50&#8243; margin_bottom=\u00bb10&#8243;][vc_column_text align=\u00bbcenter\u00bb]\nM\u00e1s info<br \/>\n[\/vc_column_text][mk_padding_divider size=\u00bb97&#8243;][\/vc_column][\/vc_row][mk_page_section bg_image=\u00bbhttp:\/\/www.nanaschile.cl\/inicio\/wp-content\/uploads\/2015\/10\/nanas-banner-7-min.jpg\u00bb attachment=\u00bbfixed\u00bb bg_position=\u00bbcenter center\u00bb bg_stretch=\u00bbtrue\u00bb video_color_mask=\u00bb#f0cac9&#8243; video_opacity=\u00bb0.8&#8243; sidebar=\u00bbsidebar-1&#8243;][vc_column][mk_padding_divider size=\u00bb80&#8243;][mk_fancy_title color=\u00bb#712b86&#8243; size=\u00bb42&#8243; force_font_size=\u00bbtrue\u00bb size_phone=\u00bb32&#8243; txt_transform=\u00bbuppercase\u00bb letter_spacing=\u00bb2&#8243; margin_bottom=\u00bb0&#8243; font_family=\u00bbPlayfair+Display\u00bb font_type=\u00bbgoogle\u00bb align=\u00bbcenter\u00bb animation=\u00bbright-to-left\u00bb]NUESTROS CLIENTES CONF\u00cdAN[\/mk_fancy_title][mk_testimonials][mk_padding_divider size=\u00bb80&#8243;][\/vc_column][\/mk_page_section][mk_page_section layout_structure=\u00bbhalf_left\u00bb bg_image=\u00bbhttps:\/\/www.nanaschile.cl\/inicio\/wp-content\/uploads\/2015\/09\/nanas-banner-13.jpg\u00bb bg_color=\u00bb#712b86&#8243; bg_stretch=\u00bbtrue\u00bb video_loop=\u00bbfalse\u00bb min_height=\u00bb80&#8243; padding_bottom=\u00bb0&#8243;][vc_column][mk_padding_divider size=\u00bb80&#8243;][mk_fancy_title color=\u00bb#712b86&#8243; size=\u00bb35&#8243; font_weight=\u00bbbold\u00bb txt_transform=\u00bbuppercase\u00bb letter_spacing=\u00bb1&#8243; margin_bottom=\u00bb0&#8243; font_family=\u00bbPlayfair+Display\u00bb font_type=\u00bbgoogle\u00bb animation=\u00bbright-to-left\u00bb]\n<p style=\"text-align: center;\"><span style=\"color: #ffffff;\">Te Ofrecemos<\/span><\/p>\n[\/mk_fancy_title][mk_custom_list style=\u00bbe32c\u00bb icon_color=\u00bb#ffffff\u00bb align=\u00bbcenter\u00bb text_color=\u00bb#ffffff\u00bb css=\u00bb.mk-custom-list li {color:#ffffff !important; font-size:18px; margin-bottom:10px; line-height:1.6;}\u00bb]\n<ul>\n<li><span style=\"font-weight: 400; color: #ffffff;\">La m\u00e1s grande base de datos de nanas en Chile.<\/span><\/li>\n<li style=\"font-weight: 400;\" aria-level=\"1\">\n<h4><span style=\"font-weight: 400; color: #ffffff;\">Entrevista psicol\u00f3gica a todas nuestras nanas.<\/span><\/h4>\n<\/li>\n<li style=\"font-weight: 400;\" aria-level=\"1\">\n<h4><span style=\"font-weight: 400; color: #ffffff;\">Proceso r\u00e1pido y seguro.<\/span><\/h4>\n<\/li>\n<li style=\"font-weight: 400;\" aria-level=\"1\">\n<h4><span style=\"font-weight: 400; color: #ffffff;\">Precios razonables por un servicio de alta calidad.<\/span><\/h4>\n<\/li>\n<li style=\"font-weight: 400;\" aria-level=\"1\">\n<h4><span style=\"font-weight: 400; color: #ffffff;\">Comodidad: entrevistas en tu domicilio o lugar de trabajo.<\/span><\/h4>\n<\/li>\n<li style=\"font-weight: 400;\" aria-level=\"1\">\n<h4><span style=\"font-weight: 400; color: #ffffff;\">Evaluaci\u00f3n psicol\u00f3gica opcional.<\/span><\/h4>\n<\/li>\n<li style=\"font-weight: 400;\" aria-level=\"1\">\n<h4><span style=\"font-weight: 400; color: #ffffff;\">Garant\u00eda de 60 d\u00edas hasta quedar satisfecho con nuestro servicio.<\/span><\/h4>\n<\/li>\n<\/ul>\n[\/mk_custom_list][mk_button dimension=\u00bbflat\u00bb size=\u00bbmedium\u00bb url=\u00bbhttps:\/\/www.nanaschile.cl\/inicio\/agencia-de-empleo\/\u00bb align=\u00bbcenter\u00bb margin_top=\u00bb50&#8243; margin_bottom=\u00bb0&#8243; margin_right=\u00bb0&#8243; bg_color=\u00bb#ffffff\u00bb btn_hover_bg=\u00bb#ffffff\u00bb text_color=\u00bbdark\u00bb btn_hover_txt_color=\u00bb#712b86&#8243;]CONT\u00c1CTENOS AHORA[\/mk_button][mk_padding_divider size=\u00bb80&#8243;][\/vc_column][\/mk_page_section]\n","protected":false},"excerpt":{"rendered":"<p>[vc_row fullwidth=\u00bbtrue\u00bb][vc_column][mk_edge_slider first_el=\u00bbtrue\u00bb swiper_bg=\u00bb#712b86&#8243; order=\u00bbASC\u00bb full_height=\u00bbfalse\u00bb height=\u00bb500&#8243; animation_effect=\u00bbzoom\u00bb animation_speed=\u00bb1000&#8243; slideshow_speed=\u00bb4000&#8243; direction_nav=\u00bbnone\u00bb pagination=\u00bbnone\u00bb][\/vc_column][\/vc_row][mk_page_section sidebar=\u00bbsidebar-1&#8243;][vc_column][mk_padding_divider size=\u00bb80&#8243;][mk_fancy_title color=\u00bb#712b86&#8243; size=\u00bb42&#8243; force_font_size=\u00bbtrue\u00bb size_phone=\u00bb32&#8243; txt_transform=\u00bbuppercase\u00bb letter_spacing=\u00bb2&#8243; margin_bottom=\u00bb30&#8243; font_family=\u00bbPlayfair+Display\u00bb font_type=\u00bbgoogle\u00bb align=\u00bbcenter\u00bb animation=\u00bbright-to-left\u00bb]PORTAL DE ASESORAS CON UN SERVICIO INTEGRAL[\/mk_fancy_title][\/vc_column][vc_column width=\u00bb1\/3&#8243;][mk_font_icons icon=\u00bbmk-moon-checkbox-checked-2&#8243; color=\u00bb#712b86&#8243; size=\u00bbx-large\u00bb margin_horizental=\u00bb0&#8243; margin_vertical=\u00bb0&#8243; circle=\u00bbtrue\u00bb circle_color=\u00bb#ffffff\u00bb circle_border_width=\u00bb2&#8243; circle_border_color=\u00bb#670087&#8243; align=\u00bbcenter\u00bb link=\u00bbhttps:\/\/www.nanaschile.cl\/inicio\/nana-puertas-afuera\/\u00bb animation=\u00bbtop-to-bottom\u00bb][mk_divider style=\u00bbthin_solid\u00bb divider_width=\u00bbcustom_width\u00bb custom_width=\u00bb50&#8243; margin_top=\u00bb30&#8243; margin_bottom=\u00bb30&#8243;][vc_column_text align=\u00bbcenter\u00bb animation=\u00bbbottom-to-top\u00bb] Para ello, TODAS NUESTRAS [&hellip;]<\/p>\n","protected":false},"author":1,"featured_media":0,"parent":0,"menu_order":0,"comment_status":"closed","ping_status":"closed","template":"","meta":{"footnotes":""},"class_list":["post-5","page","type-page","status-publish","hentry"],"yoast_head":"<!-- This site is optimized with the Yoast SEO plugin v27.5 - https:\/\/yoast.com\/product\/yoast-seo-wordpress\/ -->\n<title>Agencia de Nanas en Santiago | Ni\u00f1eras, Asesoras del Hogar<\/title>\n<meta name=\"description\" content=\"Asesoras de hogar en Santiago con entrevista Psicol\u00f3gica, verificaci\u00f3n de documentos y la mejor garant\u00eda. Personal confiable para tu familia.\" \/>\n<meta name=\"robots\" content=\"index, follow, max-snippet:-1, max-image-preview:large, max-video-preview:-1\" \/>\n<link rel=\"canonical\" href=\"https:\/\/www.nanaschile.cl\/inicio\/\" \/>\n<meta property=\"og:locale\" content=\"es_ES\" \/>\n<meta property=\"og:type\" content=\"article\" \/>\n<meta property=\"og:title\" content=\"Selecci\u00f3n de asesoras de hogar\" \/>\n<meta property=\"og:description\" content=\"Asesoras de hogar en Santiago con entrevista Psicol\u00f3gica, verificaci\u00f3n de documentos y la mejor garant\u00eda. Personal confiable para tu familia.\" \/>\n<meta property=\"og:url\" content=\"https:\/\/www.nanaschile.cl\/inicio\/\" \/>\n<meta property=\"og:site_name\" content=\"NanasChile\" \/>\n<meta property=\"article:publisher\" content=\"https:\/\/web.facebook.com\/regionesdechile\" \/>\n<meta property=\"article:modified_time\" content=\"2026-01-05T18:48:01+00:00\" \/>\n<meta property=\"og:image\" content=\"https:\/\/www.nanaschile.cl\/inicio\/wp-content\/uploads\/2015\/09\/verificacion-min.jpg\" \/>\n\t<meta property=\"og:image:width\" content=\"500\" \/>\n\t<meta property=\"og:image:height\" content=\"362\" \/>\n\t<meta property=\"og:image:type\" content=\"image\/jpeg\" \/>\n<meta name=\"twitter:card\" content=\"summary_large_image\" \/>\n<meta name=\"twitter:image\" content=\"https:\/\/www.nanaschile.cl\/inicio\/wp-content\/uploads\/2016\/08\/nanas-logo-2.png\" \/>\n<meta name=\"twitter:site\" content=\"@nanaschile\" \/>\n<meta name=\"twitter:label1\" content=\"Tiempo de lectura\" \/>\n\t<meta name=\"twitter:data1\" content=\"3 minutos\" \/>\n<script type=\"application\/ld+json\" class=\"yoast-schema-graph\">{\"@context\":\"https:\\\/\\\/schema.org\",\"@graph\":[{\"@type\":\"WebPage\",\"@id\":\"https:\\\/\\\/www.nanaschile.cl\\\/inicio\\\/\",\"url\":\"https:\\\/\\\/www.nanaschile.cl\\\/inicio\\\/\",\"name\":\"Agencia de Nanas en Santiago | Ni\u00f1eras, Asesoras del Hogar\",\"isPartOf\":{\"@id\":\"https:\\\/\\\/www.nanaschile.cl\\\/inicio\\\/#website\"},\"datePublished\":\"2025-07-01T06:42:15+00:00\",\"dateModified\":\"2026-01-05T18:48:01+00:00\",\"description\":\"Asesoras de hogar en Santiago con entrevista Psicol\u00f3gica, verificaci\u00f3n de documentos y la mejor garant\u00eda. Personal confiable para tu familia.\",\"breadcrumb\":{\"@id\":\"https:\\\/\\\/www.nanaschile.cl\\\/inicio\\\/#breadcrumb\"},\"inLanguage\":\"es\",\"potentialAction\":[{\"@type\":\"ReadAction\",\"target\":[\"https:\\\/\\\/www.nanaschile.cl\\\/inicio\\\/\"]}]},{\"@type\":\"BreadcrumbList\",\"@id\":\"https:\\\/\\\/www.nanaschile.cl\\\/inicio\\\/#breadcrumb\",\"itemListElement\":[{\"@type\":\"ListItem\",\"position\":1,\"name\":\"Home\",\"item\":\"https:\\\/\\\/www.nanaschile.cl\\\/inicio\\\/\"},{\"@type\":\"ListItem\",\"position\":2,\"name\":\"Inicio\"}]},{\"@type\":\"WebSite\",\"@id\":\"https:\\\/\\\/www.nanaschile.cl\\\/inicio\\\/#website\",\"url\":\"https:\\\/\\\/www.nanaschile.cl\\\/inicio\\\/\",\"name\":\"NanasChile\",\"description\":\"Agencia de nanas\",\"publisher\":{\"@id\":\"https:\\\/\\\/www.nanaschile.cl\\\/inicio\\\/#organization\"},\"potentialAction\":[{\"@type\":\"SearchAction\",\"target\":{\"@type\":\"EntryPoint\",\"urlTemplate\":\"https:\\\/\\\/www.nanaschile.cl\\\/inicio\\\/?s={search_term_string}\"},\"query-input\":{\"@type\":\"PropertyValueSpecification\",\"valueRequired\":true,\"valueName\":\"search_term_string\"}}],\"inLanguage\":\"es\"},{\"@type\":\"Organization\",\"@id\":\"https:\\\/\\\/www.nanaschile.cl\\\/inicio\\\/#organization\",\"name\":\"NanasChile\",\"url\":\"https:\\\/\\\/www.nanaschile.cl\\\/inicio\\\/\",\"logo\":{\"@type\":\"ImageObject\",\"inLanguage\":\"es\",\"@id\":\"https:\\\/\\\/www.nanaschile.cl\\\/inicio\\\/#\\\/schema\\\/logo\\\/image\\\/\",\"url\":\"https:\\\/\\\/www.nanaschile.cl\\\/inicio\\\/wp-content\\\/uploads\\\/2016\\\/08\\\/nanas-logo-2.png\",\"contentUrl\":\"https:\\\/\\\/www.nanaschile.cl\\\/inicio\\\/wp-content\\\/uploads\\\/2016\\\/08\\\/nanas-logo-2.png\",\"width\":106,\"height\":48,\"caption\":\"NanasChile\"},\"image\":{\"@id\":\"https:\\\/\\\/www.nanaschile.cl\\\/inicio\\\/#\\\/schema\\\/logo\\\/image\\\/\"},\"sameAs\":[\"https:\\\/\\\/web.facebook.com\\\/regionesdechile\",\"https:\\\/\\\/x.com\\\/nanaschile\"]}]}<\/script>\n<!-- \/ Yoast SEO plugin. -->","yoast_head_json":{"title":"Agencia de Nanas en Santiago | Ni\u00f1eras, Asesoras del Hogar","description":"Asesoras de hogar en Santiago con entrevista Psicol\u00f3gica, verificaci\u00f3n de documentos y la mejor garant\u00eda. Personal confiable para tu familia.","robots":{"index":"index","follow":"follow","max-snippet":"max-snippet:-1","max-image-preview":"max-image-preview:large","max-video-preview":"max-video-preview:-1"},"canonical":"https:\/\/www.nanaschile.cl\/inicio\/","og_locale":"es_ES","og_type":"article","og_title":"Selecci\u00f3n de asesoras de hogar","og_description":"Asesoras de hogar en Santiago con entrevista Psicol\u00f3gica, verificaci\u00f3n de documentos y la mejor garant\u00eda. Personal confiable para tu familia.","og_url":"https:\/\/www.nanaschile.cl\/inicio\/","og_site_name":"NanasChile","article_publisher":"https:\/\/web.facebook.com\/regionesdechile","article_modified_time":"2026-01-05T18:48:01+00:00","og_image":[{"width":500,"height":362,"url":"https:\/\/www.nanaschile.cl\/inicio\/wp-content\/uploads\/2015\/09\/verificacion-min.jpg","type":"image\/jpeg"}],"twitter_card":"summary_large_image","twitter_image":"https:\/\/www.nanaschile.cl\/inicio\/wp-content\/uploads\/2016\/08\/nanas-logo-2.png","twitter_site":"@nanaschile","twitter_misc":{"Tiempo de lectura":"3 minutos"},"schema":{"@context":"https:\/\/schema.org","@graph":[{"@type":"WebPage","@id":"https:\/\/www.nanaschile.cl\/inicio\/","url":"https:\/\/www.nanaschile.cl\/inicio\/","name":"Agencia de Nanas en Santiago | Ni\u00f1eras, Asesoras del Hogar","isPartOf":{"@id":"https:\/\/www.nanaschile.cl\/inicio\/#website"},"datePublished":"2025-07-01T06:42:15+00:00","dateModified":"2026-01-05T18:48:01+00:00","description":"Asesoras de hogar en Santiago con entrevista Psicol\u00f3gica, verificaci\u00f3n de documentos y la mejor garant\u00eda. Personal confiable para tu familia.","breadcrumb":{"@id":"https:\/\/www.nanaschile.cl\/inicio\/#breadcrumb"},"inLanguage":"es","potentialAction":[{"@type":"ReadAction","target":["https:\/\/www.nanaschile.cl\/inicio\/"]}]},{"@type":"BreadcrumbList","@id":"https:\/\/www.nanaschile.cl\/inicio\/#breadcrumb","itemListElement":[{"@type":"ListItem","position":1,"name":"Home","item":"https:\/\/www.nanaschile.cl\/inicio\/"},{"@type":"ListItem","position":2,"name":"Inicio"}]},{"@type":"WebSite","@id":"https:\/\/www.nanaschile.cl\/inicio\/#website","url":"https:\/\/www.nanaschile.cl\/inicio\/","name":"NanasChile","description":"Agencia de nanas","publisher":{"@id":"https:\/\/www.nanaschile.cl\/inicio\/#organization"},"potentialAction":[{"@type":"SearchAction","target":{"@type":"EntryPoint","urlTemplate":"https:\/\/www.nanaschile.cl\/inicio\/?s={search_term_string}"},"query-input":{"@type":"PropertyValueSpecification","valueRequired":true,"valueName":"search_term_string"}}],"inLanguage":"es"},{"@type":"Organization","@id":"https:\/\/www.nanaschile.cl\/inicio\/#organization","name":"NanasChile","url":"https:\/\/www.nanaschile.cl\/inicio\/","logo":{"@type":"ImageObject","inLanguage":"es","@id":"https:\/\/www.nanaschile.cl\/inicio\/#\/schema\/logo\/image\/","url":"https:\/\/www.nanaschile.cl\/inicio\/wp-content\/uploads\/2016\/08\/nanas-logo-2.png","contentUrl":"https:\/\/www.nanaschile.cl\/inicio\/wp-content\/uploads\/2016\/08\/nanas-logo-2.png","width":106,"height":48,"caption":"NanasChile"},"image":{"@id":"https:\/\/www.nanaschile.cl\/inicio\/#\/schema\/logo\/image\/"},"sameAs":["https:\/\/web.facebook.com\/regionesdechile","https:\/\/x.com\/nanaschile"]}]}},"_links":{"self":[{"href":"https:\/\/www.nanaschile.cl\/inicio\/wp-json\/wp\/v2\/pages\/5","targetHints":{"allow":["GET"]}}],"collection":[{"href":"https:\/\/www.nanaschile.cl\/inicio\/wp-json\/wp\/v2\/pages"}],"about":[{"href":"https:\/\/www.nanaschile.cl\/inicio\/wp-json\/wp\/v2\/types\/page"}],"author":[{"embeddable":true,"href":"https:\/\/www.nanaschile.cl\/inicio\/wp-json\/wp\/v2\/users\/1"}],"replies":[{"embeddable":true,"href":"https:\/\/www.nanaschile.cl\/inicio\/wp-json\/wp\/v2\/comments?post=5"}],"version-history":[{"count":75,"href":"https:\/\/www.nanaschile.cl\/inicio\/wp-json\/wp\/v2\/pages\/5\/revisions"}],"predecessor-version":[{"id":1154,"href":"https:\/\/www.nanaschile.cl\/inicio\/wp-json\/wp\/v2\/pages\/5\/revisions\/1154"}],"wp:attachment":[{"href":"https:\/\/www.nanaschile.cl\/inicio\/wp-json\/wp\/v2\/media?parent=5"}],"curies":[{"name":"wp","href":"https:\/\/api.w.org\/{rel}","templated":true}]}}